me factors of 305204882?
2, 7219, 21139
List the prime factors of 35147185.
5, 59, 283, 421
List the prime factors of 3866916177.
3, 1481, 290113
What are the prime factors of 64173871?
64173871
What are the prime factors of 2205891464?
2, 7, 179, 337, 653
What are the prime factors of 468440502?
2, 3, 78073417
List the prime factors of 148266434.
2, 74133217
What are the prime factors of 5841388425?
3, 5, 77885179
What are the prime factors of 4807702089?
3, 534189121
What are the prime factors of 35275670?
2, 5, 109, 32363
What are the prime factors of 55879469?
97, 757, 761
List the prime factors of 1983470571.
3, 41, 61, 9791
What are the prime factors of 239425812?
2, 3, 6650717
What are the prime factors of 20410451?
191, 106861
List the prime factors of 1950026235.
3, 5, 130001749
What are the prime factors of 6820195?
5, 1364039
What are the prime factors of 39244859?
29, 47, 28793
What are the prime factors of 1299571743?
3, 139, 359, 8681
What are the prime factors of 4294355607?
3, 477150623
List the prime factors of 44214473.
29, 1524637
List the prime factors of 299533285.
5, 17, 3523921
List the prime factors of 75111704.
2, 163, 57601
What are the prime factors of 401742086?
2, 200871043
List the prime factors of 38975020.
2, 5, 7, 278393
What are the prime factors of 2330852?
2, 37, 15749
What are the prime factors of 2032119839?
643, 1153, 2741
List the prime factors of 1479465216.
2, 3, 214043
List the prime factors of 552967738.
2, 17, 37, 41, 71, 151
What are the prime factors of 28661022?
2, 3, 13, 53, 2311
What are the prime factors of 3985319745?
3, 5, 11, 2683717
What are the prime factors of 603139227?
3, 191, 227, 4637
List the prime factors of 26344599.
3, 1033, 8501
What are the prime factors of 2369094?
2, 3, 7, 13, 4339
List the prime factors of 154955664.
2, 3, 331, 3251
List the prime factors of 26613045.
3, 5, 47, 12583
List the prime factors of 19143782.
2, 7, 113, 12101
What are the prime factors of 592243413?
3, 3209, 61519
List the prime factors of 15559054.
2, 7, 1111361
List the prime factors of 94336783.
911, 103553
List the prime factors of 308872015.
5, 47, 863, 1523
List the prime factors of 348659.
151, 2309
What are the prime factors of 183771855?
3, 5, 1361273
What are the prime factors of 962267352?
2, 3, 40094473
List the prime factors of 1253503437.
3, 19913, 20983
List the prime factors of 26872697.
1009, 26633
List the prime factors of 2159420282.
2, 113, 9554957
List the prime factors of 129011285.
5, 13, 29, 89, 769
List the prime factors of 228120211.
11, 1885291
What are the prime factors of 37322495?
5, 7, 43, 24799
What are the prime factors of 814594923?
3, 19, 37, 128749
List the prime factors of 187735755.
3, 5, 379, 33023
What are the prime factors of 4218360952?
2, 13, 211, 192233
List the prime factors of 171124787.
171124787
What are the prime factors of 32669954?
2, 17, 607, 1583
List the prime factors of 1328670634.
2, 347, 1914511
List the prime factors of 8104324950.
2, 3, 5, 73, 246707
What are the prime factors of 73281612?
2, 3, 6106801
What are the prime factors of 7520211003?
3, 919, 2727679
What are the prime factors of 4468637291?
79, 56565029
List the prime factors of 72622567.
47, 79, 19559
List the prime factors of 2096361592.
2, 13, 20157323
What are the prime factors of 944942767?
944942767
List the prime factors of 4934884107.
3, 41, 40121009
List the prime factors of 4838780607.
3, 31, 52029899
List the prime factors of 862512518.
2, 7, 331, 373, 499
List the prime factors of 191412630.
2, 3, 5, 337, 6311
List the prime factors of 2585757281.
2585757281
What are the prime factors of 984881650?
2, 5, 19697633
List the prime factors of 2101744946.
2, 7, 21446377
List the prime factors of 1897396933.
12107, 156719
List the prime factors of 560245251.
3, 17, 10985201
List the prime factors of 509931046.
2, 254965523
List the prime factors of 63878289.
3, 983, 21661
List the prime factors of 39522011.
389, 101599
List the prime factors of 134718818.
2, 13, 1039, 4987
What are the prime factors of 221166125?
5, 1769329
What are the prime factors of 75791202?
2, 3, 17, 239, 3109
What are the prime factors of 6878696105?
5, 1375739221
What are the prime factors of 7127767806?
2, 3, 19, 43, 1454053
What are the prime factors of 92586058?
2, 46293029
List the prime factors of 66109843.
23, 107, 26863
What are the prime factors of 30177225?
3, 5, 13, 19, 181
What are the prime factors of 195157695?
3, 5, 97, 134129
What are the prime factors of 28880743?
331, 87253
List the prime factors of 37579026.
2, 3, 6263171
What are the prime factors of 442347507?
3, 7, 1451, 1613
List the prime factors of 75390613.
19, 59, 109, 617
List the prime factors of 144894027.
3, 109, 223, 1987
List the prime factors of 1275797784.
2, 3, 53158241
What are the prime factors of 247138172?
2, 3889, 15887
What are the prime factors of 138935553?
3, 151, 306701
What are the prime factors of 781531655?
5, 19, 8226649
List the prime factors of 142981523.
73, 1958651
What are the prime factors of 1382435678?
2, 13, 1951, 27253
What are the prime factors of 56148232?
2, 7, 1002647
What are the prime factors of 92612558?
2, 46306279
List the prime factors of 2196285.
3, 5, 7, 13, 1609
What are the prime factors of 2176996575?
3, 5, 13, 23, 193, 503
List the prime factors of 2677263380.
2, 5, 11, 12169379
What are the prime factors of 16064873?
11, 107, 13649
List the prime factors of 121803168.
2, 3, 1268783
List the prime factors of 3427563480.
2, 3, 5, 11, 2596639
What are the prime factors of 1058248554?
2, 3, 11, 137, 117037
List the prime factors of 7630679.
7, 1090097
What are the prime factors of 4704904?
2, 588113
List the prime factors of 1829192757.
3, 7, 19, 2081, 2203
What are the prime factors of 89794892?
2, 11, 599, 3407
List the prime factors of 322135973.
29, 31, 358327
What are the prime factors of 8703860175?
3, 5, 17, 239, 9521
List the prime factors of 868956118.
2, 434478059
List the prime factors of 982428010.
2, 5, 101, 972701
List the prime factors of 27881863.
27881863
List the prime factors of 3486317175.
3, 5, 11, 1408613
What are the prime factors of 585039396?
2, 3, 48753283
What are the prime factors of 92534371?
71, 1019, 1279
List the prime factors of 452778768.
2, 3, 13, 37, 2179
What are the prime factors of 359016605?
5, 71803321
What are the prime factors of 1144481097?
3, 381493699
What are the prime factors of 29628113?
53, 239, 2339
List the prime factors of 146495466.
2, 3, 13, 59, 131
What are the prime factors of 39988867?
39988867
List the prime factors of 3752276179.
4079, 919901
List the prime factors of 1513232.
2, 7, 59, 229
List the prime factors of 103376965.
5, 257, 80449
List the prime factors of 54279491.
7, 619, 12527
List the prime factors of 185061252.
2, 3, 17, 907163
List the prime factors of 272190994.
2, 6869, 19813
What are the prime factors of 65950208?
2, 17, 7577
What are the prime factors of 2224315926?
2, 3, 7, 3389, 5209
What are the prime factors of 95329757?
29, 97, 33889
List the prime factors of 12375518.
2, 23, 29, 9277
List the prime factors of 602697666.
2, 3, 97, 1035563
What are the prime factors of 150389733?
3, 13, 3856147
List the prime factors of 126226414.
2, 43, 1467749
List the prime factors of 2446695654.
2, 3, 13, 211, 148663
What are the prime factors of 48631585?
5, 229, 42473
What are the prime factors of 103206312?
2, 3, 11, 14479
What are the prime factors of 50125293?
3, 5569477
What are the prime factors of 3839627579?
29, 1439, 92009
What are the prime factors of 208826386?
2, 193, 541001
What are the prime factors of 20536768?
2, 7, 45841
What are the prime factors of 527248729?
7, 75321247
List the prime factors of 21223227.
3, 23, 307583
List the prime factors of 1798737885.
3, 5, 7, 19, 23, 73, 179
What are the prime factors of 1609679633?
23, 69986071
What are the prime factors of 1235419489?
1235419489
List the prime factors of 3657436509.
3, 43, 1087, 26083
What are the prime factors of 3807452149?
3807452149
List the prime factors of 1215248486.
2, 131, 4638353
List the prime factors of 2616157466.
2, 13, 2339, 43019
What are the prime factors of 173141163?
3, 13, 1479839
What are the prime factor